{"id":1351,"date":"2012-04-03T21:43:51","date_gmt":"2012-04-03T19:43:51","guid":{"rendered":"http:\/\/www.nowastrona.pkm.jaworzno.pl\/www\/?page_id=1351"},"modified":"2026-03-02T07:53:37","modified_gmt":"2026-03-02T06:53:37","slug":"wyjatki-w-kursowaniu","status":"publish","type":"page","link":"https:\/\/www.pkm.jaworzno.pl\/www\/wyjatki-w-kursowaniu\/","title":{"rendered":"Informacja o wyj\u0105tkach w kursowaniu autobus\u00f3w"},"content":{"rendered":"<p style=\"text-align: justify;\"><span style=\"font-size: 20;\">Wybrane dni w roku cechuj\u0105 si\u0119 zmniejszonym zapotrzebowaniem na przewozy \u015bwiadczone przez komunikacj\u0119 miejsk\u0105. Rozk\u0142ady jazdy dostosowane s\u0105 do wyst\u0119puj\u0105cych potrzeb. Poni\u017cej zamieszczamy szczeg\u00f3\u0142ow\u0105 informacj\u0119 o wybranych dniach, kiedy obowi\u0105zywa\u0107 b\u0119d\u0105 specjalne rozk\u0142ady jazdy.<\/span><\/p>\n<p><span style=\"color: #0000ff;\">W dni powszednie, w kt\u00f3re nie odbywa si\u0119 nauka stacjonarna w szko\u0142ach \u015brednich, autobusy kursuj\u0105 wed\u0142ug rozk\u0142ad\u00f3w jazdy na <span style=\"text-decoration: underline;\">dni robocze wolne od nauki szkolne<\/span>j. <\/span><\/p>\n<p><span style=\"color: #0000ff;\">W <strong>2026 roku<\/strong> rozk\u0142ady jazdy na <span style=\"text-decoration: underline;\">dni robocze wolne od nauki szkolnej<\/span> obowi\u0105zywa\u0107 b\u0119d\u0105:<span style=\"color: #e8e8e8;\"> <strong>2<\/strong> i <strong>5 stycznia<\/strong>; od <strong>16<\/strong> do<strong> 20 lutego<\/strong> oraz od <strong>23<\/strong> do <strong>27 lutego<\/strong><\/span>; <strong>2<\/strong>, <strong>3<\/strong> i <strong>7 kwietnia<\/strong>; <strong>29<\/strong> i <strong>30 czerwca<\/strong>, w<strong>e wszystkie dni powszednie w lipcu i w sierpniu<\/strong>, <strong>23<\/strong>, <strong>28<\/strong>, <strong>29<\/strong>, <strong>30<\/strong> i <strong>31 grudnia<\/strong>.<\/span><\/p>\n<p>Linia <strong>E<\/strong><\/p>\n<ul>\n<li>Kurs relacji <span style=\"text-decoration: underline;\"><strong>BYCZYNA ASTR\u00d3W<\/strong><\/span>\u00a0&#8211; <span style=\"text-decoration: underline;\"><strong>KATOWICE ALEJA KORFANTEGO<\/strong><\/span> o godz. <strong>7:20 <\/strong>z przystanku pocz\u0105tkowego rozpoczyna\u0142 b\u0119dzie si\u0119 o godz. <strong>7:31<\/strong> na przystanku <span style=\"text-decoration: underline;\"><strong>KRAKOWSKA P\u0118TLA<\/strong><\/span>.<\/li>\n<\/ul>\n<p>Linia <strong>304<\/strong><\/p>\n<p>Nie b\u0119d\u0105 realizowane kursy relacji:<\/p>\n<ul>\n<li><span style=\"text-decoration: underline;\"><strong>KRAKOWSKA P\u0118TLA<\/strong><\/span> &#8211; <b><u>SZCZAKOWA DWORZEC PKP<\/u> <\/b>o godz. <strong>5:56<\/strong>, <strong>6:36<\/strong>, <strong>8:21<\/strong>\u00a0z przystanku pocz\u0105tkowego.<\/li>\n<li><span style=\"text-decoration: underline;\"><strong>SZCZAKOWA DWORZEC PKP<\/strong><\/span>\u00a0&#8211; <strong><span style=\"text-decoration: underline;\">KRAKOWSKA P\u0118TLA<\/span><\/strong> o godz. <strong>9:01<\/strong>, <strong>15:01<\/strong>, <strong>15:56 <\/strong>z przystanku pocz\u0105tkowego.<\/li>\n<\/ul>\n<p>Linia <strong>311<\/strong><\/p>\n<ul>\n<li>Kursy realizowane b\u0119d\u0105 wed\u0142ug rozk\u0142adu jazdy na <span style=\"text-decoration: underline;\">dni robocze wolne od nauki szkolnej<\/span>.<\/li>\n<\/ul>\n<p>Linie <strong>321 <\/strong>i <strong>328<\/strong><\/p>\n<ul>\n<li>Kursy nie b\u0119d\u0105 realizowane.<\/li>\n<\/ul>\n<p>Linia <strong>350<\/strong><\/p>\n<p>Nie b\u0119d\u0105 realizowane kursy relacji:<\/p>\n<ul>\n<li><span style=\"text-decoration: underline;\"><strong>KRAKOWSKA P\u0118TLA<\/strong><\/span> &#8211; <strong><span style=\"text-decoration: underline;\">OSIEDLE STA\u0141E<\/span> <\/strong>o godz.\u00a0<strong>14:42<\/strong>\u00a0z przystanku pocz\u0105tkowego.<\/li>\n<li><span style=\"text-decoration: underline;\"><strong>OSIEDLE STA\u0141E<\/strong><\/span> &#8211; <strong><span style=\"text-decoration: underline;\">KRAKOWSKA P\u0118TLA<\/span><\/strong> o godz. <strong>8:55<\/strong> i <strong>15:55 <\/strong>z przystanku pocz\u0105tkowego.<\/li>\n<\/ul>\n<p>Linia <strong>370<\/strong><\/p>\n<ul>\n<li>Kursy realizowane b\u0119d\u0105 wed\u0142ug rozk\u0142adu jazdy na <span style=\"text-decoration: underline;\">dni robocze wolne od nauki szkolnej<\/span>.<\/li>\n<\/ul>\n<p>Linia <strong>373<\/strong><\/p>\n<p>Nie b\u0119d\u0105 realizowane kursy relacji:<\/p>\n<ul>\n<li><span style=\"text-decoration: underline;\"><strong>INSUREKCJI KO\u015aCIUSZKOWSKIEJ<\/strong><\/span>\u00a0\u2013\u00a0<strong><span style=\"text-decoration: underline;\">\u0141UBOWIEC CMENTARZ P\u0118TLA<\/span>\u00a0<\/strong>o godz. <strong>7:27 <\/strong>z przystanku pocz\u0105tkowego.<\/li>\n<li><span style=\"text-decoration: underline;\"><strong>OSIEDLE STA\u0141E<\/strong><\/span>\u00a0\u2013\u00a0<span style=\"text-decoration: underline;\"><strong>SZPITAL P\u0118TLA<\/strong><\/span> o godz. <strong>15:06<\/strong>\u00a0z przystanku pocz\u0105tkowego.<\/li>\n<\/ul>\n<hr \/>\n<p><span style=\"color: #000000;\">Ponadto: <strong>24<\/strong> i<strong> 31 grudnia ka\u017cdego roku<\/strong><\/span> autobusy kursuj\u0105 <span style=\"text-decoration: underline;\">do godziny 17:00<\/span>, p\u00f3\u017aniej wykonywane s\u0105 tylko wybrane kursy. (*)<\/p>\n<hr \/>\n<p><span style=\"color: #000000;\"><strong>25 grudnia<\/strong> i<strong> 1 stycznia<\/strong><\/span><strong> ka\u017cdego roku<\/strong> autobusy kursuj\u0105 <span style=\"text-decoration: underline;\">od godziny 14:00<\/span>, wcze\u015bniej realizowane s\u0105 tylko wybrane kursy. (*)<\/p>\n<hr \/>\n<p style=\"text-align: justify;\">(*) Szczeg\u00f3\u0142owe rozk\u0142ady jazdy oraz og\u0142oszenia o zmianach w organizacji komunikacji miejskiej udost\u0119pniane s\u0105 na naszej stronie internetowej w osobnych komunikatach. Ca\u0142odobowa informacja o kursowaniu autobus\u00f3w:<strong> 32-753-55-40<\/strong>.<\/p>\n","protected":false},"excerpt":{"rendered":"<p>Wybrane dni w roku cechuj\u0105 si\u0119 zmniejszonym zapotrzebowaniem na przewozy \u015bwiadczone przez komunikacj\u0119 miejsk\u0105. Rozk\u0142ady jazdy dostosowane s\u0105 do wyst\u0119puj\u0105cych potrzeb. Poni\u017cej zamieszczamy szczeg\u00f3\u0142ow\u0105 informacj\u0119 o wybranych dniach, kiedy obowi\u0105zywa\u0107 b\u0119d\u0105 specjalne rozk\u0142ady jazdy. W dni powszednie, w kt\u00f3re nie odbywa si\u0119 nauka stacjonarna w szko\u0142ach \u015brednich, autobusy kursuj\u0105 wed\u0142ug rozk\u0142ad\u00f3w jazdy na dni robocze [&hellip;]<\/p>\n","protected":false},"author":6,"featured_media":0,"parent":0,"menu_order":99,"comment_status":"open","ping_status":"open","template":"","meta":{"_acf_changed":false,"footnotes":""},"class_list":["post-1351","page","type-page","status-publish","hentry"],"acf":[],"publishpress_future_action":{"enabled":false,"date":"2026-05-06 02:06:33","action":"change-status","newStatus":"draft","terms":[],"taxonomy":"","extraData":[]},"publishpress_future_workflow_manual_trigger":{"enabledWorkflows":[]},"_links":{"self":[{"href":"https:\/\/www.pkm.jaworzno.pl\/www\/wp-json\/wp\/v2\/pages\/1351","targetHints":{"allow":["GET"]}}],"collection":[{"href":"https:\/\/www.pkm.jaworzno.pl\/www\/wp-json\/wp\/v2\/pages"}],"about":[{"href":"https:\/\/www.pkm.jaworzno.pl\/www\/wp-json\/wp\/v2\/types\/page"}],"author":[{"embeddable":true,"href":"https:\/\/www.pkm.jaworzno.pl\/www\/wp-json\/wp\/v2\/users\/6"}],"replies":[{"embeddable":true,"href":"https:\/\/www.pkm.jaworzno.pl\/www\/wp-json\/wp\/v2\/comments?post=1351"}],"version-history":[{"count":74,"href":"https:\/\/www.pkm.jaworzno.pl\/www\/wp-json\/wp\/v2\/pages\/1351\/revisions"}],"predecessor-version":[{"id":17118,"href":"https:\/\/www.pkm.jaworzno.pl\/www\/wp-json\/wp\/v2\/pages\/1351\/revisions\/17118"}],"wp:attachment":[{"href":"https:\/\/www.pkm.jaworzno.pl\/www\/wp-json\/wp\/v2\/media?parent=1351"}],"curies":[{"name":"wp","href":"https:\/\/api.w.org\/{rel}","templated":true}]}}

Informacja o wyjątkach w kursowaniu autobusów

<p style="text-align: justify;"><span style="font-size: 20;">Wybrane dni w roku cechują się zmniejszonym zapotrzebowaniem na przewozy świadczone przez komunikację miejską. Rozkłady jazdy dostosowane są do występujących potrzeb. Poniżej zamieszczamy szczegółową informację o wybranych dniach, kiedy obowiązywać będą specjalne rozkłady jazdy.</span></p>
<p><span style="color: #0000ff;">W dni powszednie, w które nie odbywa się nauka stacjonarna w szkołach średnich, autobusy kursują według rozkładów jazdy na <span style="text-decoration: underline;">dni robocze wolne od nauki szkolne</span>j. </span></p>
<p><span style="color: #0000ff;">W <strong>2026 roku</strong> rozkłady jazdy na <span style="text-decoration: underline;">dni robocze wolne od nauki szkolnej</span> obowiązywać będą:<span style="color: #e8e8e8;"> <strong>2</strong> i <strong>5 stycznia</strong>; od <strong>16</strong> do<strong> 20 lutego</strong> oraz od <strong>23</strong> do <strong>27 lutego</strong></span>; <strong>2</strong>, <strong>3</strong> i <strong>7 kwietnia</strong>; <strong>29</strong> i <strong>30 czerwca</strong>, w<strong>e wszystkie dni powszednie w lipcu i w sierpniu</strong>, <strong>23</strong>, <strong>28</strong>, <strong>29</strong>, <strong>30</strong> i <strong>31 grudnia</strong>.</span></p>
<p>Linia <strong>E</strong></p>
<ul>
<li>Kurs relacji <span style="text-decoration: underline;"><strong>BYCZYNA ASTRÓW</strong></span> &#8211; <span style="text-decoration: underline;"><strong>KATOWICE ALEJA KORFANTEGO</strong></span> o godz. <strong>7:20 </strong>z przystanku początkowego rozpoczynał będzie się o godz. <strong>7:31</strong> na przystanku <span style="text-decoration: underline;"><strong>KRAKOWSKA PĘTLA</strong></span>.</li>
</ul>
<p>Linia <strong>304</strong></p>
<p>Nie będą realizowane kursy relacji:</p>
<ul>
<li><span style="text-decoration: underline;"><strong>KRAKOWSKA PĘTLA</strong></span> &#8211; <b><u>SZCZAKOWA DWORZEC PKP</u> </b>o godz. <strong>5:56</strong>, <strong>6:36</strong>, <strong>8:21</strong> z przystanku początkowego.</li>
<li><span style="text-decoration: underline;"><strong>SZCZAKOWA DWORZEC PKP</strong></span> &#8211; <strong><span style="text-decoration: underline;">KRAKOWSKA PĘTLA</span></strong> o godz. <strong>9:01</strong>, <strong>15:01</strong>, <strong>15:56 </strong>z przystanku początkowego.</li>
</ul>
<p>Linia <strong>311</strong></p>
<ul>
<li>Kursy realizowane będą według rozkładu jazdy na <span style="text-decoration: underline;">dni robocze wolne od nauki szkolnej</span>.</li>
</ul>
<p>Linie <strong>321 </strong>i <strong>328</strong></p>
<ul>
<li>Kursy nie będą realizowane.</li>
</ul>
<p>Linia <strong>350</strong></p>
<p>Nie będą realizowane kursy relacji:</p>
<ul>
<li><span style="text-decoration: underline;"><strong>KRAKOWSKA PĘTLA</strong></span> &#8211; <strong><span style="text-decoration: underline;">OSIEDLE STAŁE</span> </strong>o godz. <strong>14:42</strong> z przystanku początkowego.</li>
<li><span style="text-decoration: underline;"><strong>OSIEDLE STAŁE</strong></span> &#8211; <strong><span style="text-decoration: underline;">KRAKOWSKA PĘTLA</span></strong> o godz. <strong>8:55</strong> i <strong>15:55 </strong>z przystanku początkowego.</li>
</ul>
<p>Linia <strong>370</strong></p>
<ul>
<li>Kursy realizowane będą według rozkładu jazdy na <span style="text-decoration: underline;">dni robocze wolne od nauki szkolnej</span>.</li>
</ul>
<p>Linia <strong>373</strong></p>
<p>Nie będą realizowane kursy relacji:</p>
<ul>
<li><span style="text-decoration: underline;"><strong>INSUREKCJI KOŚCIUSZKOWSKIEJ</strong></span> – <strong><span style="text-decoration: underline;">ŁUBOWIEC CMENTARZ PĘTLA</span> </strong>o godz. <strong>7:27 </strong>z przystanku początkowego.</li>
<li><span style="text-decoration: underline;"><strong>OSIEDLE STAŁE</strong></span> – <span style="text-decoration: underline;"><strong>SZPITAL PĘTLA</strong></span> o godz. <strong>15:06</strong> z przystanku początkowego.</li>
</ul>
<hr />
<p><span style="color: #000000;">Ponadto: <strong>24</strong> i<strong> 31 grudnia każdego roku</strong></span> autobusy kursują <span style="text-decoration: underline;">do godziny 17:00</span>, później wykonywane są tylko wybrane kursy. (*)</p>
<hr />
<p><span style="color: #000000;"><strong>25 grudnia</strong> i<strong> 1 stycznia</strong></span><strong> każdego roku</strong> autobusy kursują <span style="text-decoration: underline;">od godziny 14:00</span>, wcześniej realizowane są tylko wybrane kursy. (*)</p>
<hr />
<p style="text-align: justify;">(*) Szczegółowe rozkłady jazdy oraz ogłoszenia o zmianach w organizacji komunikacji miejskiej udostępniane są na naszej stronie internetowej w osobnych komunikatach. Całodobowa informacja o kursowaniu autobusów:<strong> 32-753-55-40</strong>.</p>

<p>Wybrane dni w roku cechują się zmniejszonym zapotrzebowaniem na przewozy świadczone przez komunikację miejską. Rozkłady jazdy dostosowane są do występujących potrzeb. Poniżej zamieszczamy szczegółową informację o wybranych dniach, kiedy obowiązywać będą specjalne rozkłady jazdy. W dni powszednie, w które nie odbywa się nauka stacjonarna w szkołach średnich, autobusy kursują według rozkładów jazdy na dni robocze [&hellip;]</p>
