{"id":196,"date":"2010-07-30T12:25:08","date_gmt":"2010-07-30T12:25:08","guid":{"rendered":"http:\/\/test.pkm.jaworzno.pl\/www\/"},"modified":"2025-02-19T12:47:42","modified_gmt":"2025-02-19T11:47:42","slug":"zakup-nowoczesnego-taboru-autobusowego","status":"publish","type":"page","link":"https:\/\/www.pkm.jaworzno.pl\/www\/zakup-nowoczesnego-taboru-autobusowego\/","title":{"rendered":"Projekty unijne"},"content":{"rendered":"<p style=\"text-align: left;\">Aktualnie realizowane projekty wsp\u00f3\u0142finansowane ze \u015brodk\u00f3w unijnych:<\/p>\n<ul>\n<li><strong><span style=\"color: #ff0000;\">[NOWY] <\/span><\/strong><a href=\"https:\/\/www.pkm.jaworzno.pl\/www\/2025\/02\/14572\/\"><span style=\"color: #ff0000;\">Zakup taboru zeroemisyjnego.<\/span><\/a><\/li>\n<li><a href=\"https:\/\/www.pkm.jaworzno.pl\/www\/2021\/03\/9827\/?preview=true\">Zakup elektrycznego taboru autobusowego wraz z systemem inteligentnego zarz\u0105dzania flot\u0105, wraz z budow\u0105 centralnej stacji \u0142adowania i wymiany baterii oraz rozproszonych stacji szybkiego \u0142adowania baterii w mie\u015bcie Jaworzno.<\/a><\/li>\n<li><a href=\"https:\/\/www.pkm.jaworzno.pl\/www\/2021\/03\/9829\/?preview=true\">Zakup elektrycznego taboru autobusowego wraz z systemem inteligentnego zarz\u0105dzania flot\u0105 pojazd\u00f3w<\/a><\/li>\n<li><a href=\"https:\/\/www.pkm.jaworzno.pl\/www\/2021\/03\/9832\/?preview=true\">Zakup elektrycznego taboru autobusowego wraz z niezb\u0119dn\u0105 infrastruktur\u0105 do jego obs\u0142ugi i \u0142adowania<\/a><\/li>\n<\/ul>\n","protected":false},"excerpt":{"rendered":"<p>Aktualnie realizowane projekty wsp\u00f3\u0142finansowane ze \u015brodk\u00f3w unijnych: [NOWY] Zakup taboru zeroemisyjnego. Zakup elektrycznego taboru autobusowego wraz z systemem inteligentnego zarz\u0105dzania flot\u0105, wraz z budow\u0105 centralnej stacji \u0142adowania i wymiany baterii oraz rozproszonych stacji szybkiego \u0142adowania baterii w mie\u015bcie Jaworzno. Zakup elektrycznego taboru autobusowego wraz z systemem inteligentnego zarz\u0105dzania flot\u0105 pojazd\u00f3w Zakup elektrycznego taboru autobusowego wraz [&hellip;]<\/p>\n","protected":false},"author":6,"featured_media":0,"parent":0,"menu_order":0,"comment_status":"open","ping_status":"closed","template":"","meta":{"_acf_changed":false,"footnotes":""},"class_list":["post-196","page","type-page","status-publish","hentry"],"acf":[],"publishpress_future_action":{"enabled":false,"date":"2026-05-12 15:28:07","action":"change-status","newStatus":"draft","terms":[],"taxonomy":"","extraData":[]},"publishpress_future_workflow_manual_trigger":{"enabledWorkflows":[]},"_links":{"self":[{"href":"https:\/\/www.pkm.jaworzno.pl\/www\/wp-json\/wp\/v2\/pages\/196","targetHints":{"allow":["GET"]}}],"collection":[{"href":"https:\/\/www.pkm.jaworzno.pl\/www\/wp-json\/wp\/v2\/pages"}],"about":[{"href":"https:\/\/www.pkm.jaworzno.pl\/www\/wp-json\/wp\/v2\/types\/page"}],"author":[{"embeddable":true,"href":"https:\/\/www.pkm.jaworzno.pl\/www\/wp-json\/wp\/v2\/users\/6"}],"replies":[{"embeddable":true,"href":"https:\/\/www.pkm.jaworzno.pl\/www\/wp-json\/wp\/v2\/comments?post=196"}],"version-history":[{"count":21,"href":"https:\/\/www.pkm.jaworzno.pl\/www\/wp-json\/wp\/v2\/pages\/196\/revisions"}],"predecessor-version":[{"id":14570,"href":"https:\/\/www.pkm.jaworzno.pl\/www\/wp-json\/wp\/v2\/pages\/196\/revisions\/14570"}],"wp:attachment":[{"href":"https:\/\/www.pkm.jaworzno.pl\/www\/wp-json\/wp\/v2\/media?parent=196"}],"curies":[{"name":"wp","href":"https:\/\/api.w.org\/{rel}","templated":true}]}}