{"id":2300,"date":"2013-04-02T00:25:36","date_gmt":"2013-04-01T22:25:36","guid":{"rendered":"http:\/\/www.nowastrona.pkm.jaworzno.pl\/www\/?page_id=2300"},"modified":"2021-07-26T11:36:58","modified_gmt":"2021-07-26T09:36:58","slug":"polityka-prywatnosci","status":"publish","type":"page","link":"https:\/\/www.pkm.jaworzno.pl\/www\/polityka-prywatnosci\/","title":{"rendered":"Polityka prywatno\u015bci"},"content":{"rendered":"<p><strong>Ochrona danych osobowych, polityka prywatno\u015bci oraz zasady wykorzystania plik\u00f3w cookies (definicja poni\u017cej) w serwisie internetowym www.pkm.jaworzno.pl (dalej: Serwis lub Strona)<\/strong><\/p>\n<p>Sp\u00f3\u0142ka Przedsi\u0119biorstwo Komunikacji Miejskiej Sp\u00f3\u0142ka z o.o. w Jaworznie zawsze d\u0105\u017cy do zapewnienia maksymalnej ochrony przetwarzanych danych osobowych oraz stosuje adekwatne rozwi\u0105zania organizacyjno-techniczne, kt\u00f3rych celem jest zapobieganie jakimkolwiek incydentom naruszaj\u0105cym prywatno\u015b\u0107 interesariuszy Sp\u00f3\u0142ki.<\/p>\n<p>Wszystkie nasze dzia\u0142ania s\u0105 oparte na podstawie i w granicach prawa, w szczeg\u00f3lno\u015bci na nast\u0119puj\u0105cych aktach prawnych:<br \/>\n1. Rozporz\u0105dzenie Parlamentu Europejskiego i Rady (UE) 2016\/679 z dnia 27 kwietnia 2016 r. w sprawie ochrony os\u00f3b fizycznych w zwi\u0105zku z przetwarzaniem danych osobowych i w sprawie swobodnego przep\u0142ywu takich danych oraz uchylenia dyrektywy 95\/46\/WE (og\u00f3lne rozporz\u0105dzenie o ochronie danych, skr\u00f3t: RODO);<br \/>\n2. Ustawa z dnia 18 lipca 2002 r. o \u015bwiadczeniu us\u0142ug drog\u0105 elektroniczn\u0105 (Dz. U. z 2020 r. poz. 344 z p\u00f3\u017an. zmianami);<br \/>\n3. Ustawa z dnia 16 lipca 2004 r. Prawo telekomunikacyjne (Dz. U. z 2021 r. poz. 576 z p\u00f3\u017an. zmianami).<\/p>\n<p><strong>Dwie kluczowe informacje:<\/strong><br \/>\n1. Administratorem Pa\u0144stwa danych osobowych jest:<br \/>\nPrzedsi\u0119biorstwo Komunikacji Miejskiej Sp\u00f3\u0142ka z o.o. w Jaworznie; ul. Krakowska 9, 43-600 Jaworzno; tel.: +48 32 753 55 00; e-mail: pkm@pkm.jaworzno.pl<br \/>\n2. Inspektorem Ochrony Danych jest:<br \/>\nMaciej Zaremba, tel.: +48 795 579 035, e-mail: iod@pkm.jaworzno.pl<br \/>\n(Inspektor jest do Pa\u0144stwa dyspozycji w zakresie ka\u017cdej kwestii czy w\u0105tpliwo\u015bci dot. Pa\u0144stwa danych osobowych).<\/p>\n<p><strong>Jakiekolwiek podane przez Pa\u0144stwa dane osobowe s\u0105 przetwarzane:<\/strong><br \/>\n1. na podstawie jednoznacznej zgody osoby, kt\u00f3rej dane dotycz\u0105 i kt\u00f3ra wyrazi\u0142a zgod\u0119 na przetwarzanie swoich danych osobowych w jednym lub wi\u0119kszej liczbie jednoznacznie okre\u015blonych cel\u00f3w;<br \/>\n2. lub gdy jest to niezb\u0119dne do wykonania umowy, kt\u00f3rej stron\u0105 jest osoba, kt\u00f3rej dane dotycz\u0105 albo do podj\u0119cia dzia\u0142a\u0144 na \u017c\u0105danie osoby, kt\u00f3rej dane dotycz\u0105, przed zawarciem umowy;<br \/>\n3. lub gdy jest to niezb\u0119dne do wype\u0142nienia obowi\u0105zku prawnego ci\u0105\u017c\u0105cego na Administratorze;<br \/>\n4. lub gdy jest to niezb\u0119dne do cel\u00f3w wynikaj\u0105cych z prawnie uzasadnionych interes\u00f3w realizowanych przez Administratora lub przez stron\u0119 trzeci\u0105, z wyj\u0105tkiem sytuacji, w kt\u00f3rych nadrz\u0119dny charakter wobec tych interes\u00f3w maj\u0105 interesy lub podstawowe prawa i wolno\u015bci osoby, kt\u00f3rej dane dotycz\u0105, wymagaj\u0105ce ochrony danych osobowych.<br \/>\n(Prawnym interesem Administratora jest np. ewentualne ustalenie i dochodzenie roszcze\u0144 lub obrona przed nimi.)<\/p>\n<p><strong>Przydatne definicje:<\/strong><br \/>\n1. cookies (plik cookie, ciasteczko\/a) \u2013 to zapisywany w urz\u0105dzeniu u\u017cytkownika (komputer, smartfon itp.) niedu\u017cy plik, w kt\u00f3rym s\u0105 umieszczone r\u00f3\u017cne ustawienia i informacje zwi\u0105zane z odwiedzanymi stronami w Internecie i mog\u0105 s\u0142u\u017cy\u0107 do m.in.: zapisywania ustawie\u0144\/logowa\u0144 stron, wy\u015bwietlania reklam i zapami\u0119tywania wybranych dzia\u0142a\u0144 u\u017cytkownika i zapami\u0119tywania preferencji u\u017cytkownika. Warto zajrze\u0107: www.wszystkoociasteczkach.pl<br \/>\n2. adres IP \u2013 to liczbowy numer identyfikuj\u0105cy zwykle jedno urz\u0105dzenie pod\u0142\u0105czone do Internetu (lub sieci lokalnej). Warto zajrze\u0107: https:\/\/pl.wikipedia.org\/wiki\/Adres_IP<br \/>\n3. http, protok\u00f3\u0142 http &#8211; czyli protok\u00f3\u0142 (technologia) umo\u017cliwiaj\u0105cy przesy\u0142anie danych w Internecie. To dzi\u0119ki http mo\u017cliwa jest komunikacja pomi\u0119dzy klientem (przegl\u0105dark\u0105) a serwerem, na kt\u00f3rym s\u0105 wszystkie pliki tworz\u0105ce serwis internetowy. Dodanie litery s, czyli https to nadal przesy\u0142anie danych, ale ju\u017c w postaci zaszyfrowanej tak, by nie podejrza\u0142a ich osoba trzecia\/nieupowa\u017cniona.<\/p>\n<p><strong>Korzystanie z Serwisu jest realizowane za pomoc\u0105 tzw. bezpiecznego protoko\u0142u SSL, kt\u00f3ry zwi\u0119ksza bezpiecze\u0144stwo przesy\u0142ania danych w Internecie (przesy\u0142ane dane s\u0105 szyfrowane, by nie podejrza\u0142a ich osoba trzecia\/nieupowa\u017cniona \u2013 jak opisano powy\u017cej).<\/strong><\/p>\n<p>Prosimy, by zwr\u00f3ci\u0107 uwag\u0119, \u017ce na Stronie mog\u0105 by\u0107 opublikowane\/zamieszczone zewn\u0119trzne linki, kt\u00f3re umo\u017cliwiaj\u0105 osobom &#8211; odwiedzaj\u0105cym nasz Serwis &#8211; dotarcie do innych stron internetowych. R\u00f3wnocze\u015bnie: w trakcie korzystania z naszej Strony w urz\u0105dzeniu u\u017cytkownika (komputerze, smartfonie itp.) mog\u0105 zosta\u0107 zapisane pliki cookies, kt\u00f3re pochodz\u0105 z innych stron internetowych (np. Facebook, YouTube), kt\u00f3re to pliki cookies umo\u017cliwiaj\u0105 korzystanie z us\u0142ug\/funkcjonalno\u015bci zw. z zewn\u0119trznymi serwisami.<br \/>\nKa\u017cdy podmiot w Internecie indywidualnie okre\u015bla zasady wykorzystywania plik\u00f3w cookies w swojej Polityce Prywatno\u015bci, zatem nie mamy wp\u0142ywu na zasady projektowania\/tworzenia\/okre\u015blania cel\u00f3w zewn\u0119trznych plik\u00f3w cookies oraz postanowie\u0144 zewn\u0119trznych Polityk Prywatno\u015bci.<\/p>\n<p><strong>Jakie dane gromadzimy w zakresie korzystania ze Strony?<\/strong><br \/>\nKorzystanie ze Strony wi\u0105\u017ce si\u0119 z przesy\u0142aniem zapyta\u0144 do naszego serwera, na kt\u00f3rym przechowywana jest Strona. Ka\u017cde Pa\u0144stwa przes\u0142ane\/skierowane zapytanie\/po\u0142\u0105cznie jest zapisywane w logach serwera (logi to forma elektronicznego rejestru zdarze\u0144). Logi obejmuj\u0105 m.in. Pa\u0144stwa adres IP, dat\u0119 i czas po\u0142\u0105czenia z serwerem, charakterystyk\u0119 nawi\u0105zanego po\u0142\u0105czenia przy pomocy protoko\u0142u http(s) (\u0142\u0105cznie z ew. kodami b\u0142\u0119d\u00f3w), informacje o u\u017cywanej przegl\u0105darce internetowej i specyfice systemu operacyjnego oraz jego ustawie\u0144 (a tak\u017ce np. tzw. referer, czyli adres wcze\u015bniejszej witryny internetowej, z kt\u00f3rej u\u017cytkownik zosta\u0142 przekierowany na nasz\u0105 Stron\u0119 za pomoc\u0105 odno\u015bnika\/linku, kt\u00f3ry zosta\u0142 klikni\u0119ty).<br \/>\nWa\u017cne! Dane zapisane w logach serwera nie s\u0105 kojarzone z konkretnymi osobami odwiedzaj\u0105cymi nasz\u0105 Stron\u0119 i nie s\u0105 wykorzystywane przez Administratora w celu Pa\u0144stwa identyfikacji. Logi s\u0105 wykorzystywane wy\u0142\u0105cznie do administrowania Stron\u0105, a ich zawarto\u015b\u0107 nie jest ujawniana nikomu poza osobami upowa\u017cnionymi do zarz\u0105dzania Stron\u0105.<\/p>\n<p>Nasza Strona, zgodnie z art. 173 Ustawy z dnia 16 lipca 2004 r. Prawo telekomunikacyjne (Dz. U. z 2021 r. poz. 576 z p\u00f3\u017an. zmianami), korzysta r\u00f3wnie\u017c z plik\u00f3w cookies, kt\u00f3re s\u0105 danymi informatycznymi, zw\u0142. plikami tekstowymi, kt\u00f3re s\u0105 przechowywane w urz\u0105dzeniu ko\u0144cowym (komputer, smartfon itp.) u\u017cytkownika. Pliki cookies najcz\u0119\u015bciej zawieraj\u0105 nazw\u0119 strony, z kt\u00f3rej pochodz\u0105, ich czas przechowywania na urz\u0105dzeniu ko\u0144cowym oraz posiadaj\u0105 sw\u00f3j unikatowy numer.<\/p>\n<p><strong>U\u017cywamy plik\u00f3w cookies w celu:<\/strong><br \/>\nu\u0142atwienia Pa\u0144stwu korzystania ze Strony podczas jej przegl\u0105dania;<br \/>\ntworzenia statystyk, kt\u00f3re pomagaj\u0105 zrozumie\u0107, w jaki spos\u00f3b osoby odwiedzaj\u0105ce Stron\u0119 z niej korzystaj\u0105 (np. jakie podstrony odwiedzaj\u0105);<br \/>\nokre\u015blenia, kto jest nowym, a kto powracaj\u0105cym u\u017cytkownikiem;<br \/>\nsprawdzenia czy podczas korzystania z Serwisu wyst\u0105pi\u0142y problemy z jego u\u017cytkowaniem.<\/p>\n<p><strong>W ramach Strony mo\u017cemy stosowa\u0107 nast\u0119puj\u0105ce rodzaje plik\u00f3w cookies:<\/strong><br \/>\nzwi\u0105zane z dan\u0105 sesj\u0105 po\u0142\u0105czenia, sesyjne \u2013 pliki, kt\u00f3re s\u0105 przechowywane w urz\u0105dzeniu ko\u0144cowym (komputerze, smartfonie itp.) u\u017cytkownika do czasu opuszczenia Strony\/wy\u0142\u0105czenia przegl\u0105darki;<br \/>\nprzechowywane \u201ena sta\u0142e\u201d, sta\u0142e \u2013 pliki, kt\u00f3re s\u0105 przechowywane w urz\u0105dzeniu ko\u0144cowym u\u017cytkownika (komputerze, smartfonie itp.) przez okres wskazany w samym pliku cookie i\/lub do czasu ich usuni\u0119cia przez u\u017cytkownika;<br \/>\nw\u0142asne Strony \u2013 pliki cookies, kt\u00f3re zamieszczane s\u0105 w ramach Strony, niepochodz\u0105ce z zewn\u0119trznych serwis\u00f3w;<br \/>\nzewn\u0119trzne \u2013 pliki cookies, kt\u00f3re s\u0105 zamieszczane przez serwisy zewn\u0119trzne;<br \/>\nniezb\u0119dne\/podstawowe \u2013 pliki cookies, bez kt\u00f3rych nie jest mo\u017cliwe pe\u0142ne korzystanie z Serwisu;<br \/>\nstatystyczne\/wydajno\u015bciowe \u2013 pliki cookies, kt\u00f3re umo\u017cliwiaj\u0105 zbieranie informacji o sposobie korzystania z Serwisu;<br \/>\nfunkcjonalne\/zwi\u0105zane z ustawieniami\/preferencjami osoby odwiedzaj\u0105cej &#8211; pliki cookies, kt\u00f3re umo\u017cliwiaj\u0105 zapami\u0119tywanie wybor\u00f3w U\u017cytkownika w zakresie ustawie\u0144, preferencji i personalizacji korzystania ze Strony.<\/p>\n<p>Same pliki cookies nie zawieraj\u0105 informacji o danych osobowych u\u017cytkownika. Ale w naszych zestawieniach statystycznych i analitycznych mog\u0105 by\u0107 umieszczone inne parametry do oznacze\u0144 (np. adres IP), kt\u00f3re wykorzystujemy \u0142\u0105cznie do zliczania liczby unikalnych odwiedzin Strony czy rodzaju urz\u0105dze\u0144 wykorzystywanych do po\u0142\u0105cze\u0144 (komputer, smartfon itp.), jednak nie do okre\u015blania to\u017csamo\u015bci u\u017cytkownik\u00f3w.<\/p>\n<p>Zakres informacji\/plik\u00f3w, kt\u00f3re s\u0105 zbierane automatycznie w trakcie odwiedzin naszej Strony, zale\u017cy od indywidualnych ustawie\u0144 Pa\u0144stwa przegl\u0105darki internetowej. Prosimy o ich sprawdzenie i wprowadzenie ustawie\u0144 zgodnych z Pa\u0144stwa preferencjami. W tym celu nale\u017cy zapozna\u0107 si\u0119 z tre\u015bci\u0105 tzw. \u201ePomocy\u201d, dost\u0119pnej w danej przegl\u0105darce.<br \/>\nDodatkowo, zach\u0119camy do zapoznania si\u0119 z informacjami dot. przechowywania, modyfikowania i usuwania plik\u00f3w cookies w nast\u0119puj\u0105cych popularnych przegl\u0105darkach:<br \/>\nw programie Microsoft Edge: https:\/\/support.microsoft.com\/pl-pl\/microsoft-edge\/wy%C5%9Bwietlanie-i-usuwanie-historii-przegl%C4%85darki-w-programie-microsoft-edge-00cf7943-a9e1-975a-a33d-ac10ce454ca4<br \/>\nw programie Mozilla Firefox: https:\/\/support.mozilla.org\/pl\/kb\/ciasteczka<br \/>\nw programie Chrome: https:\/\/support.google.com\/chrome\/answer\/95647?hl=pl<br \/>\nw programie Opera: https:\/\/help.opera.com\/pl\/latest\/security-and-privacy\/#deleteData<br \/>\nw programie Safari: https:\/\/support.apple.com\/pl-pl\/HT201265<br \/>\nw programie Internet Explorer: https:\/\/support.microsoft.com\/pl-pl\/windows\/usuwanie-plik%C3%B3w-cookie-i-zarz%C4%85dzanie-nimi-168dab11-0753-043d-7c16-ede5947fc64d<\/p>\n<p>Wa\u017cne! Ca\u0142kowite wy\u0142\u0105czenie obs\u0142ugi plik\u00f3w cookies, kt\u00f3re s\u0105 niezb\u0119dne do uwierzytelniania, bezpiecze\u0144stwa lub przechowywania preferencji u\u017cytkownika mo\u017ce ograniczy\u0107\/utrudni\u0107, a nawet uniemo\u017cliwi\u0107 korzystanie ze Strony (lub jej fragment\u00f3w\/podstron).<\/p>\n<p>W okre\u015blonych sytuacjach (np. czasowo dost\u0119pne formularze kontaktowe na Stronie) u\u017cytkownik mo\u017ce zosta\u0107 poproszony o podanie nast\u0119puj\u0105cych danych osobowych:<br \/>\nimi\u0119 i nazwisko lub pseudonim;<br \/>\nadres poczty elektronicznej (adres e-mail);<br \/>\nnumer telefonu;<br \/>\nnazwa i adres firmy\/instytucji\/podmiotu, kt\u00f3ry reprezentuje\/w wyj\u0105tkowych przypadkach: adres zamieszkania.<br \/>\nPodanie tych danych jest zawsze dobrowolne (bazuje na zgodzie u\u017cytkownika), jednak bez ich podania mo\u017ce nie by\u0107 mo\u017cliwe korzystanie z formularza umieszczonego w Serwisie (np. w trakcie obs\u0142ugi zg\u0142oszenia, skargi, pro\u015bby o kontakt).<br \/>\nCzas przechowywania tak przekazanych danych, jest okre\u015blony w ostatnim akapicie Polityki Prywatno\u015bci, jednak zawsze kierujemy si\u0119 m.in. zasadami minimalizacji danych, ograniczenia celu, ograniczenia przechowywania danych oraz integralno\u015bci i poufno\u015bci w rozumieniu przepis\u00f3w RODO.<\/p>\n<p>Na naszej Stronie wykorzystujemy r\u00f3wnie\u017c narz\u0119dzie Google Analytics do analizy ruchu oraz pomiaru aktywno\u015bci zw. z jej przegl\u0105daniem. Wykorzystujemy je w g\u0142. do cel\u00f3w statystycznych, by sprawdzi\u0107 cz\u0119stotliwo\u015b\u0107 odwiedzin Serwisu, a tak\u017ce do jego optymalizacji i rozbudowy. Wi\u0119cej informacji tutaj: https:\/\/policies.google.com\/privacy?hl=pl<\/p>\n<p><strong>Serwisy zewn\u0119trzne<\/strong><br \/>\nFacebook<br \/>\nDane osobowe, kt\u00f3re s\u0105 przetwarzane na naszym fanpage\u2019u w serwisie Facebook.com przetwarzamy jako Administrator zgodnie z przepisami RODO. Jednocze\u015bnie informujemy Pa\u0144stwa, \u017ce administratorem danych osobowych jest tak\u017ce podmiot Facebook Ireland Limited, z kt\u00f3rym zawarli Pa\u0144stwo umow\u0119 dot. przetwarzania danych osobowych poprzez za\u0142o\u017cenie konta w serwisie Facebook.com i akceptacj\u0119 regulaminu tego serwisu. Wi\u0119cej informacji tu: https:\/\/pl-pl.facebook.com\/privacy\/explanation<br \/>\nhttps:\/\/developers.facebook.com\/docs\/plugins\/<\/p>\n<p>Twitter<br \/>\nDane osobowe, kt\u00f3re s\u0105 przetwarzane na naszym koncie w serwisie Twitter.com przetwarzamy jako Administrator zgodnie z przepisami RODO. Jednocze\u015bnie informujemy Pa\u0144stwa, \u017ce administratorem danych osobowych jest tak\u017ce podmiot Twitter, Inc. (San Francisco, California), z kt\u00f3rym zawarli Pa\u0144stwo umow\u0119 dot. przetwarzania danych osobowych poprzez za\u0142o\u017cenie konta w serwisie Twitter.com i akceptacj\u0119 regulaminu tego serwisu. Wi\u0119cej informacji tu: https:\/\/help.twitter.com\/pl\/rules-and-policies\/twitter-rules<br \/>\nhttps:\/\/help.twitter.com\/en\/rules-and-policies\/twitter-cookies<\/p>\n<p>Google<br \/>\nDane osobowe, kt\u00f3re s\u0105 przetwarzane przez nas w ramach us\u0142ug dostarczanych przez podmiot Google Ireland przetwarzamy jako Administrator zgodnie z przepisami RODO. Jednocze\u015bnie informujemy Pa\u0144stwa, \u017ce administratorem danych osobowych jest tak\u017ce podmiot Google Ireland, z kt\u00f3rym zawarli Pa\u0144stwo umow\u0119 dot. przetwarzania danych osobowych poprzez za\u0142o\u017cenie konta w serwisie\/us\u0142udze dostarczanej przez Google Ireland i akceptacj\u0119 regulaminu tego serwisu\/us\u0142ugi. Wi\u0119cej informacji tu: https:\/\/policies.google.com\/technologies\/cookies?hl=pl<br \/>\nDodatkowo:<br \/>\nYouTube.com<br \/>\nUmieszczanie na naszej Stronie materia\u0142\u00f3w z serwisu YouTube wi\u0105\u017ce si\u0119 z wykorzystaniem plik\u00f3w cookies, kt\u00f3re przechowuj\u0105 ustawienia odtwarzacza wideo danego u\u017cytkownika za pomoc\u0105 umieszczonego materia\u0142u wideo z serwisu YouTube. Wi\u0119cej informacji tutaj: https:\/\/www.youtube.com\/intl\/ALL_pl\/howyoutubeworks\/user-settings\/privacy\/<br \/>\nhttps:\/\/policies.google.com\/technologies\/cookies?hl=pl<\/p>\n<p>Mapy Google\u2019a (www.google.pl\/maps\/)<br \/>\nW przypadku korzystania z Map Google\u2019a mo\u017ce wyst\u0105pi\u0107 zewn\u0119trzna pro\u015bba, na podstawie adresu IP, o przetworzenie Pa\u0144stwa przybli\u017conej lokalizacji. Jak zarz\u0105dza\u0107 informacjami o lokalizacji, tutaj: https:\/\/support.google.com\/accounts\/topic\/7189122?hl=pl&amp;ref_topic=3382254<\/p>\n<p>Przys\u0142uguje Pa\u0144stwu prawo dost\u0119pu do tre\u015bci danych oraz ich sprostowania, usuni\u0119cia lub ograniczenia przetwarzania, a tak\u017ce prawo sprzeciwu (wobec przetwarzania \u2013 je\u015bli jest to zasadne i zgodne z prawem), za\u017c\u0105dania zaprzestania przetwarzania i przenoszenia danych (do innych podmiot\u00f3w, je\u015bli taka czynno\u015b\u0107 jest zasadna i zgodna z prawem), jak r\u00f3wnie\u017c prawo do cofni\u0119cia zgody w dowolnym momencie.<br \/>\nWycofanie zgody nie wp\u0142ywa na zgodno\u015b\u0107 z prawem przetwarzania, kt\u00f3rego dokonano na podstawie zgody przed jej wycofaniem.<br \/>\nZakres ka\u017cdego z powy\u017cszych praw oraz sytuacje, w kt\u00f3rych mo\u017cna z nich skorzysta\u0107, wynikaj\u0105 z przepis\u00f3w RODO oraz powi\u0105zanych przepis\u00f3w prawa.<\/p>\n<p>Maj\u0105 Pa\u0144stwo prawo wniesienia skargi do Prezesa Urz\u0119du Ochrony Danych Osobowych, gdy uznaj\u0105 Pa\u0144stwo, i\u017c przetwarzanie danych osobowych Pani\/Pana dotycz\u0105cych narusza przepisy RODO.<\/p>\n<p><strong>Jak d\u0142ugo przechowujemy Pa\u0144stwa dane zw. z u\u017cytkowaniem Strony?<\/strong><br \/>\nDane osobowe s\u0105 przechowywane do czasu wycofania udzielonej nam zgody, skorzystania z prawa do usuni\u0119cia danych lub wniesienia sprzeciwu wobec przetwarzania Pa\u0144stwa danych. Powy\u017csze dzia\u0142ania mo\u017cna okaza\u0107 w dowolny spos\u00f3b, z kt\u00f3rego wynika, \u017ce nie \u017cycz\u0105 sobie Pa\u0144stwo otrzyma\u0107 od nas jakichkolwiek informacji.<br \/>\nWa\u017cne! Po wycofaniu zgody, skorzystania z prawa do usuni\u0119cia danych lub wyra\u017ceniu sprzeciwu, dane osobowe mog\u0105 by\u0107 przechowywane jedynie w sytuacji, gdy jest to wymagane przez przepisy prawa (np. dla potrzeb dowodowych, wsp\u00f3\u0142pracy z podmiotami\/instytucjami pa\u0144stwowymi). Takie sytuacje s\u0105 zawsze uregulowane odr\u0119bnymi przepisami.<br \/>\nNigdy r\u00f3wnie\u017c nie b\u0119dziemy przetwarzali Pa\u0144stwa danych d\u0142u\u017cej ni\u017c jest to wymagane specyfik\u0105 korzystania ze Strony, zasadami wsp\u00f3\u0142pracy, prowadzonej korespondencji oraz wymogami retencji danych i potrzebami zw. z niezb\u0119dn\u0105 archiwizacj\u0105.<\/p>\n","protected":false},"excerpt":{"rendered":"<p>Ochrona danych osobowych, polityka prywatno\u015bci oraz zasady wykorzystania plik\u00f3w cookies (definicja poni\u017cej) w serwisie internetowym www.pkm.jaworzno.pl (dalej: Serwis lub Strona) Sp\u00f3\u0142ka Przedsi\u0119biorstwo Komunikacji Miejskiej Sp\u00f3\u0142ka z o.o. w Jaworznie zawsze d\u0105\u017cy do zapewnienia maksymalnej ochrony przetwarzanych danych osobowych oraz stosuje adekwatne rozwi\u0105zania organizacyjno-techniczne, kt\u00f3rych celem jest zapobieganie jakimkolwiek incydentom naruszaj\u0105cym prywatno\u015b\u0107 interesariuszy Sp\u00f3\u0142ki. Wszystkie nasze [&hellip;]<\/p>\n","protected":false},"author":6,"featured_media":0,"parent":0,"menu_order":0,"comment_status":"open","ping_status":"open","template":"","meta":{"_acf_changed":false,"footnotes":""},"class_list":["post-2300","page","type-page","status-publish","hentry"],"acf":[],"publishpress_future_action":{"enabled":false,"date":"2026-05-07 18:41:18","action":"change-status","newStatus":"draft","terms":[],"taxonomy":"","extraData":[]},"publishpress_future_workflow_manual_trigger":{"enabledWorkflows":[]},"_links":{"self":[{"href":"https:\/\/www.pkm.jaworzno.pl\/www\/wp-json\/wp\/v2\/pages\/2300","targetHints":{"allow":["GET"]}}],"collection":[{"href":"https:\/\/www.pkm.jaworzno.pl\/www\/wp-json\/wp\/v2\/pages"}],"about":[{"href":"https:\/\/www.pkm.jaworzno.pl\/www\/wp-json\/wp\/v2\/types\/page"}],"author":[{"embeddable":true,"href":"https:\/\/www.pkm.jaworzno.pl\/www\/wp-json\/wp\/v2\/users\/6"}],"replies":[{"embeddable":true,"href":"https:\/\/www.pkm.jaworzno.pl\/www\/wp-json\/wp\/v2\/comments?post=2300"}],"version-history":[{"count":6,"href":"https:\/\/www.pkm.jaworzno.pl\/www\/wp-json\/wp\/v2\/pages\/2300\/revisions"}],"predecessor-version":[{"id":10239,"href":"https:\/\/www.pkm.jaworzno.pl\/www\/wp-json\/wp\/v2\/pages\/2300\/revisions\/10239"}],"wp:attachment":[{"href":"https:\/\/www.pkm.jaworzno.pl\/www\/wp-json\/wp\/v2\/media?parent=2300"}],"curies":[{"name":"wp","href":"https:\/\/api.w.org\/{rel}","templated":true}]}}