{"id":2816,"date":"2013-08-21T21:32:49","date_gmt":"2013-08-21T19:32:49","guid":{"rendered":"http:\/\/www.nowastrona.pkm.jaworzno.pl\/www\/?page_id=2816"},"modified":"2024-02-09T11:38:57","modified_gmt":"2024-02-09T10:38:57","slug":"dynamiczna-informacja-pasazerska","status":"publish","type":"page","link":"https:\/\/www.pkm.jaworzno.pl\/www\/dynamiczna-informacja-pasazerska\/","title":{"rendered":"System kiedyprzyjedzie.pl"},"content":{"rendered":"<figure><img decoding=\"async\" style=\"width: 100%;\" src=\"http:\/\/www.pkm.jaworzno.pl\/www\/wp-content\/uploads\/2018\/03\/kiedy-1a.jpg\" alt=\"kiedyprzyjedzie.pl\" \/><\/figure>\n<p style=\"text-align: justify; font-size: 1.2em; margin-bottom: 1em;\"><strong>System dynamicznej informacji pasa\u017cerskiej dzia\u0142aj\u0105cy w oparciu o serwis internetowy kiedyprzyjedzie.pl umo\u017cliwia pasa\u017cerom bezp\u0142atny dost\u0119p do rzeczywistych odjazd\u00f3w jaworznickich autobus\u00f3w z dowolnego przystanku w sieci komunikacyjnej PKM Jaworzno.<\/strong><\/p>\n<p>Z serwisu mo\u017cna obecnie korzysta\u0107 na kilka sposob\u00f3w:<\/p>\n<p style=\"text-align: justify;\"><strong>Pobieraj\u0105c<\/strong> aplikacj\u0119 systemu <a href=\"http:\/\/kiedyprzyjedzie.pl\/\" target=\"_blank\" rel=\"noopener noreferrer\">kiedyPrzyjedzie.pl<\/a> dla telefon\u00f3w i urz\u0105dze\u0144 mobilnych dzia\u0142aj\u0105cych w oparciu o platform\u0119 Android i Windows Phone. Aplikacja umo\u017cliwia wy\u015bwietlenie wirtualnej tablicy z najbli\u017cszymi odjazdami w czasie rzeczywistym \u015brodk\u00f3w komunikacji miejskiej ze wskazanego przez pasa\u017cera przystanku. Interesuj\u0105cy nas s\u0142upek mo\u017cna wybra\u0107 z listy, wyszuka\u0107 go na mapie lub te\u017c u\u017cy\u0107 kodu QR, a nawigacja pomo\u017ce nam do niego dotrze\u0107. Cz\u0119sto wykorzystywane przystanki \u0142atwo dodamy do ulubionych, aby mie\u0107 do nich szybki dost\u0119p. Ikonka \u0142\u0105czno\u015bci z autobusem oznacza, \u017ce mamy do czynienia z prognoz\u0105, uwzgl\u0119dniaj\u0105c\u0105 op\u00f3\u017anienia zwi\u0105zane z aktualn\u0105 sytuacj\u0105 drogow\u0105. Brak ikony oznacza prezentacj\u0119 odjazdu w oparciu o czas z rozk\u0142adu jazdy.<\/p>\n<p style=\"text-align: center;\"><a href=\"https:\/\/play.google.com\/store\/apps\/details?id=pl.kiedyprzyjedzie.mobile.TravellerDroid\" target=\"\" rel=\"noopener noreferrer\"><img decoding=\"async\" style=\"display: inline-block; width: 320px; max-width: 100%; margin: 15px;\" src=\"http:\/\/www.pkm.jaworzno.pl\/www\/wp-content\/uploads\/2018\/03\/kiedyprzyjedzie_grafika5.png\" alt=\"kiedyprzyjedzie.pl\" \/><\/a><a href=\"https:\/\/www.microsoft.com\/pl-pl\/store\/p\/kiedyprzyjedzie\/9nblggh6c3k0\" target=\"_blank\" rel=\"noopener noreferrer\"><img decoding=\"async\" style=\"display: inline-block; width: 320px; max-width: 100%; margin: 15px;\" src=\"http:\/\/www.pkm.jaworzno.pl\/www\/wp-content\/uploads\/2018\/03\/kiedyprzyjedzie_grafika4.png\" alt=\"kiedyprzyjedzie.pl\" \/><\/a><\/p>\n<figure><img decoding=\"async\" style=\"width: 100%;\" src=\"http:\/\/www.pkm.jaworzno.pl\/www\/wp-content\/uploads\/2018\/03\/kiedy-3.jpg\" alt=\"kiedyprzyjedzie.pl\" \/><\/figure>\n<p style=\"text-align: justify;\"><strong>Odwiedzaj\u0105c<\/strong> stron\u0119 internetow\u0105 <a href=\"http:\/\/jaworzno.kiedyprzyjedzie.pl\/\" target=\"_blank\" rel=\"noopener noreferrer\">jaworzno.kiedyprzyjedzie.pl<\/a>. W oknie wyszukiwania nale\u017cy wpisa\u0107 nazw\u0119 \u017c\u0105danego przystanku, jego numer lub te\u017c po powi\u0119kszeniu obszaru mapy wskaza\u0107 interesuj\u0105cy nas przystanek. Godziny odjazd\u00f3w s\u0105 dost\u0119pne po wci\u015bni\u0119ciu przycisku \u201epoka\u017c odjazdy\u201d. Ikonka \u0142\u0105czno\u015bci z autobusem widniej\u0105ca w kolumnie \u201eodjazd\u201d oznacza, \u017ce mamy do czynienia z prognoz\u0105, uwzgl\u0119dniaj\u0105c\u0105 op\u00f3\u017anienia zwi\u0105zane z aktualn\u0105 sytuacj\u0105 drogow\u0105. Brak ikony oznacza prezentacj\u0119 odjazdu w oparciu o czas z rozk\u0142adu jazdy. W drugiej z zak\u0142adek mo\u017cna z kolei znale\u017a\u0107 rozk\u0142ad jazdy wszystkich kurs\u00f3w zaplanowanych na dany dzie\u0144.<\/p>\n<figure><img decoding=\"async\" style=\"width: 100%;\" src=\"http:\/\/www.pkm.jaworzno.pl\/www\/wp-content\/uploads\/2018\/03\/kiedy-4.png\" alt=\"kiedyprzyjedzie.pl\" \/><\/figure>\n<p style=\"text-align: justify;\">Po otwarciu strony <strong><a href=\"http:\/\/jaworzno.kiedyprzyjedzie.pl\/\" target=\"_blank\" rel=\"noopener noreferrer\">jaworzno.kiedyprzyjedzie.pl<\/a> w urz\u0105dzeniu mobilnym<\/strong> (smartfonie, tablecie) u\u017cytkownik uzyskuje dost\u0119p do uproszczonej wersji serwisu. Po wyszukaniu interesuj\u0105cego nas przystanku otrzymujemy wirtualn\u0105 tablic\u0119 z najbli\u017cszymi odjazdami z wybranego s\u0142upka. Bezpo\u015brednie odno\u015bniki do tablic z odjazdami s\u0105 r\u00f3wnie\u017c podlinkowane w serwisie rozk\u0142adowym na stronie pkm.jaworzno.pl\/rozklady oraz dost\u0119pne pod postaci\u0105 kod\u00f3w QR na tabliczkach przystankowych.<\/p>\n<figure><img decoding=\"async\" style=\"width: 100%;\" src=\"http:\/\/www.pkm.jaworzno.pl\/www\/wp-content\/uploads\/2018\/03\/kiedy-6.jpg\" alt=\"kiedyprzyjedzie.pl\" \/><\/figure>\n<p style=\"text-align: justify;\"><strong>Wysy\u0142aj\u0105c<\/strong> SMS o tre\u015bci: JAW. (na przyk\u0142ad: JAW.519) na numer 664 070 971; koszt SMS zgodny jest z taryf\u0105 Twojego operatora GSM; numery przystank\u00f3w umieszczone zosta\u0142y na tabliczkach przystankowych z rozk\u0142adem jazdy.<\/p>\n<p>Dane z systemu prezentowane s\u0105 tak\u017ce na 44 tablicach elektronicznych zlokalizowanych na najwa\u017cniejszych przystankach w Jaworznie.<\/p>\n<figure><\/figure>\n<p><img loading=\"lazy\" decoding=\"async\" class=\"alignnone wp-image-10554 size-large\" src=\"http:\/\/www.pkm.jaworzno.pl\/www\/wp-content\/uploads\/2022\/03\/DSC6438-1024x683.jpg\" alt=\"\" width=\"1024\" height=\"683\" srcset=\"https:\/\/www.pkm.jaworzno.pl\/www\/wp-content\/uploads\/2022\/03\/DSC6438-1024x683.jpg 1024w, https:\/\/www.pkm.jaworzno.pl\/www\/wp-content\/uploads\/2022\/03\/DSC6438-300x200.jpg 300w, https:\/\/www.pkm.jaworzno.pl\/www\/wp-content\/uploads\/2022\/03\/DSC6438-768x512.jpg 768w, https:\/\/www.pkm.jaworzno.pl\/www\/wp-content\/uploads\/2022\/03\/DSC6438-600x400.jpg 600w, https:\/\/www.pkm.jaworzno.pl\/www\/wp-content\/uploads\/2022\/03\/DSC6438.jpg 1200w\" sizes=\"auto, (max-width: 1024px) 100vw, 1024px\" \/><\/p>\n","protected":false},"excerpt":{"rendered":"<p>System dynamicznej informacji pasa\u017cerskiej dzia\u0142aj\u0105cy w oparciu o serwis internetowy kiedyprzyjedzie.pl umo\u017cliwia pasa\u017cerom bezp\u0142atny dost\u0119p do rzeczywistych odjazd\u00f3w jaworznickich autobus\u00f3w z dowolnego przystanku w sieci komunikacyjnej PKM Jaworzno. Z serwisu mo\u017cna obecnie korzysta\u0107 na kilka sposob\u00f3w: Pobieraj\u0105c aplikacj\u0119 systemu kiedyPrzyjedzie.pl dla telefon\u00f3w i urz\u0105dze\u0144 mobilnych dzia\u0142aj\u0105cych w oparciu o platform\u0119 Android i Windows Phone. Aplikacja [&hellip;]<\/p>\n","protected":false},"author":6,"featured_media":0,"parent":0,"menu_order":0,"comment_status":"open","ping_status":"open","template":"","meta":{"_acf_changed":false,"footnotes":""},"class_list":["post-2816","page","type-page","status-publish","hentry"],"acf":[],"publishpress_future_action":{"enabled":false,"date":"2026-04-14 06:46:57","action":"change-status","newStatus":"draft","terms":[],"taxonomy":"","extraData":[]},"publishpress_future_workflow_manual_trigger":{"enabledWorkflows":[]},"_links":{"self":[{"href":"https:\/\/www.pkm.jaworzno.pl\/www\/wp-json\/wp\/v2\/pages\/2816","targetHints":{"allow":["GET"]}}],"collection":[{"href":"https:\/\/www.pkm.jaworzno.pl\/www\/wp-json\/wp\/v2\/pages"}],"about":[{"href":"https:\/\/www.pkm.jaworzno.pl\/www\/wp-json\/wp\/v2\/types\/page"}],"author":[{"embeddable":true,"href":"https:\/\/www.pkm.jaworzno.pl\/www\/wp-json\/wp\/v2\/users\/6"}],"replies":[{"embeddable":true,"href":"https:\/\/www.pkm.jaworzno.pl\/www\/wp-json\/wp\/v2\/comments?post=2816"}],"version-history":[{"count":14,"href":"https:\/\/www.pkm.jaworzno.pl\/www\/wp-json\/wp\/v2\/pages\/2816\/revisions"}],"predecessor-version":[{"id":12347,"href":"https:\/\/www.pkm.jaworzno.pl\/www\/wp-json\/wp\/v2\/pages\/2816\/revisions\/12347"}],"wp:attachment":[{"href":"https:\/\/www.pkm.jaworzno.pl\/www\/wp-json\/wp\/v2\/media?parent=2816"}],"curies":[{"name":"wp","href":"https:\/\/api.w.org\/{rel}","templated":true}]}}