{"id":284,"date":"2011-01-03T17:19:50","date_gmt":"2011-01-03T17:19:50","guid":{"rendered":"http:\/\/test.pkm.jaworzno.pl\/www\/"},"modified":"2018-03-29T21:32:37","modified_gmt":"2018-03-29T19:32:37","slug":"honorowanie-biletow-zkkm","status":"publish","type":"page","link":"https:\/\/www.pkm.jaworzno.pl\/www\/bilety\/honorowanie-biletow-zkkm\/","title":{"rendered":"Honorowanie bilet\u00f3w ZK\u201eKM\u201d"},"content":{"rendered":"<p style=\"text-align:justify\">\nNa mocy porozumienia komunalnego, kt\u00f3rego stronami s\u0105 <strong>Gmina Miasta Jaworzno<\/strong> oraz <strong>Zwi\u0105zek Komunalny \u201eKomunikacja Mi\u0119dzygminna\u201d z siedzib\u0105 w Chrzanowie<\/strong> na liniach <strong>A<\/strong> i\u00a0<strong>319<\/strong> w granicach administracyjnych Gminy Chrzan\u00f3w dopuszcza si\u0119 stosowanie wybranych bilet\u00f3w okresowych, kt\u00f3rych emitentem jest <strong>Zwi\u0105zek Komunalny \u201eKomunikacja Mi\u0119dzygminna\u201d w Chrzanowie<\/strong>.\n<\/p>\n<h2>Szczeg\u00f3\u0142owe zasady honorowania bilet\u00f3w:<\/h2>\n<h3>1. Rodzaje bilet\u00f3w honorowane na linii 319<\/h3>\n<p style=\"text-align:justify\">\n1. Na linii komunikacyjnej oznaczonej symbolem &#8222;<strong>319<\/strong>&#8221; dopuszcza si\u0119 stosowanie nast\u0119puj\u0105cych rodzaj\u00f3w bilet\u00f3w okresowych ulgowych i normalnych, emitowanych przez Zwi\u0105zek Komunalny &#8222;Komunikacja Mi\u0119dzygminna&#8221; w Chrzanowie:<br \/>\n1.1. bilet miesi\u0119czny o symbolu <strong>ML1<\/strong>, o ile wskazan\u0105 lini\u0105, na kt\u00f3rej bilet jest wa\u017cny, jest linia &#8222;<strong>29<\/strong>&#8222;,<br \/>\n1.2. bilet miesi\u0119czny o symbolu <strong>M1<\/strong>, o ile gmin\u0105, na terenie kt\u00f3rej wskazano wa\u017cno\u015b\u0107 biletu jest Chrzan\u00f3w,<br \/>\n1.3. bilet tygodniowy o symbolu <strong>TL1<\/strong> o ile wskazan\u0105 lini\u0105, na kt\u00f3rej bilet jest wa\u017cny, jest linia &#8222;<strong>29<\/strong>&#8222;,<br \/>\n1.4. bilet tygodniowy o symbolu<strong> T1<\/strong> o ile gmin\u0105, na terenie kt\u00f3rej wskazano wa\u017cno\u015b\u0107 biletu jest Chrzan\u00f3w,<br \/>\n1.5. bilet\u00a0 miesi\u0119czny o symbolu <strong>M2<\/strong> o ile jedn\u0105 ze wskazanych gmin na terenie kt\u00f3rej wskazano wa\u017cno\u015b\u0107 biletu jest Chrzan\u00f3w,<br \/>\n1.6. bilet\u00a0 tygodniowy o symbolu <strong>T2<\/strong>, o ile jedn\u0105 ze wskazanych gmin na terenie kt\u00f3rej wskazano wa\u017cno\u015b\u0107 biletu jest Chrzan\u00f3w,<br \/>\n1.7. bilet miesi\u0119czny o symbolu <strong>M3<\/strong>,<br \/>\n1.8. bilet tygodniowy o symbolu <strong>T3<\/strong>,<br \/>\nprzy czym pod poj\u0119ciem linii &#8222;<strong>29<\/strong>&#8221; rozumie si\u0119 lini\u0119 pozostaj\u0105c\u0105 w ca\u0142o\u015bci w gestii Zwi\u0105zku Komunalnego &#8222;Komunikacja Mi\u0119dzygminna&#8221; w Chrzanowie, \u0142\u0105cz\u0105cej centrum Chrzanowa z dzielnic\u0105 Balin.\n<\/p>\n<h3>2. Na linii komunikacyjnej oznaczonej symbolem &#8222;<strong>A<\/strong>&#8221; dopuszcza si\u0119 stosowanie nast\u0119puj\u0105cych rodzaj\u00f3w bilet\u00f3w okresowych ulgowych i normalnych, emitowanych przez Zwi\u0105zek Komunalny &#8222;Komunikacja Mi\u0119dzygminna&#8221; w Chrzanowie:<\/h3>\n<p style=\"text-align:justify\">\n2.1. bilet miesi\u0119czny o symbolu <strong>M1<\/strong>, o ile gmin\u0105, na terenie kt\u00f3rej wskazano wa\u017cno\u015b\u0107 biletu jest Chrzan\u00f3w,<br \/>\n2.2. bilet tygodniowy o symbolu <strong>T1<\/strong> o ile gmin\u0105, na terenie kt\u00f3rej wskazano wa\u017cno\u015b\u0107 biletu jest Chrzan\u00f3w<br \/>\n2.3. bilet\u00a0 miesi\u0119czny o symbolu <strong>M2<\/strong> o ile jedn\u0105 ze wskazanych gmin na terenie kt\u00f3rej wskazano wa\u017cno\u015b\u0107 biletu jest Chrzan\u00f3w,<br \/>\n2.4. bilet\u00a0 tygodniowy o symbolu<strong> T2<\/strong>, o ile jedn\u0105 ze wskazanych gmin na terenie kt\u00f3rej wskazano wa\u017cno\u015b\u0107 biletu jest Chrzan\u00f3w,<br \/>\n2.5. bilet miesi\u0119czny o symbolu <strong>M3<\/strong>,<br \/>\n2.6. bilet tygodniowy o symbolu <strong>T3<\/strong>\n<\/p>\n<h3>3. Regulamin Przewoz\u00f3w<\/h3>\n<p style=\"text-align:justify\">\nPodczas przewozu obowi\u0105zuj\u0105 regulaminy i inne ustalenia w\u0142a\u015bciwe dla komunikacji miejskiej Miasta Jaworzna. W przypadku rozbie\u017cnego poziomu ulg obowi\u0105zuje ten poziom ulg, kt\u00f3ry jest w\u0142a\u015bciwy dla emitenta biletu, kt\u00f3ry zosta\u0142 nabyty przez pasa\u017cera. Do przejazd\u00f3w bezp\u0142atnych uprawnione s\u0105 osoby, kt\u00f3rym uprawnienie takie zosta\u0142o nadane przez kt\u00f3r\u0105kolwiek ze stron porozumienia.\n<\/p>\n<h3>4. Kontrola bilet\u00f3w<\/h3>\n<p style=\"text-align:justify\">\nOp\u0142aty dodatkowe za przejazd bez wa\u017cnego biletu nak\u0142adane b\u0119d\u0105 zgodnie z przepisami odpowiednimi dla komunikacji miejskiej Miasta Jaworzno.<\/p>\n","protected":false},"excerpt":{"rendered":"<p>Na mocy porozumienia komunalnego, kt\u00f3rego stronami s\u0105 Gmina Miasta Jaworzno oraz Zwi\u0105zek Komunalny \u201eKomunikacja Mi\u0119dzygminna\u201d z siedzib\u0105 w Chrzanowie na liniach A i\u00a0319 w granicach administracyjnych Gminy Chrzan\u00f3w dopuszcza si\u0119 stosowanie wybranych bilet\u00f3w okresowych, kt\u00f3rych emitentem jest Zwi\u0105zek Komunalny \u201eKomunikacja Mi\u0119dzygminna\u201d w Chrzanowie. Szczeg\u00f3\u0142owe zasady honorowania bilet\u00f3w: 1. Rodzaje bilet\u00f3w honorowane na linii 319 1. [&hellip;]<\/p>\n","protected":false},"author":6,"featured_media":0,"parent":6583,"menu_order":10,"comment_status":"open","ping_status":"open","template":"","meta":{"_acf_changed":false,"footnotes":""},"class_list":["post-284","page","type-page","status-publish","hentry"],"acf":[],"publishpress_future_action":{"enabled":false,"date":"2026-05-11 16:47:48","action":"change-status","newStatus":"draft","terms":[],"taxonomy":"","extraData":[]},"publishpress_future_workflow_manual_trigger":{"enabledWorkflows":[]},"_links":{"self":[{"href":"https:\/\/www.pkm.jaworzno.pl\/www\/wp-json\/wp\/v2\/pages\/284","targetHints":{"allow":["GET"]}}],"collection":[{"href":"https:\/\/www.pkm.jaworzno.pl\/www\/wp-json\/wp\/v2\/pages"}],"about":[{"href":"https:\/\/www.pkm.jaworzno.pl\/www\/wp-json\/wp\/v2\/types\/page"}],"author":[{"embeddable":true,"href":"https:\/\/www.pkm.jaworzno.pl\/www\/wp-json\/wp\/v2\/users\/6"}],"replies":[{"embeddable":true,"href":"https:\/\/www.pkm.jaworzno.pl\/www\/wp-json\/wp\/v2\/comments?post=284"}],"version-history":[{"count":11,"href":"https:\/\/www.pkm.jaworzno.pl\/www\/wp-json\/wp\/v2\/pages\/284\/revisions"}],"predecessor-version":[{"id":7170,"href":"https:\/\/www.pkm.jaworzno.pl\/www\/wp-json\/wp\/v2\/pages\/284\/revisions\/7170"}],"up":[{"embeddable":true,"href":"https:\/\/www.pkm.jaworzno.pl\/www\/wp-json\/wp\/v2\/pages\/6583"}],"wp:attachment":[{"href":"https:\/\/www.pkm.jaworzno.pl\/www\/wp-json\/wp\/v2\/media?parent=284"}],"curies":[{"name":"wp","href":"https:\/\/api.w.org\/{rel}","templated":true}]}}