{"id":8165,"date":"2018-09-25T09:32:15","date_gmt":"2018-09-25T07:32:15","guid":{"rendered":"http:\/\/www.pkm.jaworzno.pl\/www\/?page_id=8165"},"modified":"2026-04-24T12:47:37","modified_gmt":"2026-04-24T10:47:37","slug":"aplikacja-mobilna-pkm","status":"publish","type":"page","link":"https:\/\/www.pkm.jaworzno.pl\/www\/bilety\/aplikacja-mobilna-pkm\/","title":{"rendered":"Aplikacja mobilna PKM"},"content":{"rendered":"<div class=\"wp-block-image\">\n<div class=\"wp-block-image\"><img loading=\"lazy\" decoding=\"async\" class=\"aligncenter wp-image-11052\" src=\"http:\/\/www.pkm.jaworzno.pl\/www\/wp-content\/uploads\/2023\/03\/rect92d53-1-1024x604.png\" alt=\"\" width=\"917\" height=\"541\" srcset=\"https:\/\/www.pkm.jaworzno.pl\/www\/wp-content\/uploads\/2023\/03\/rect92d53-1-1024x604.png 1024w, https:\/\/www.pkm.jaworzno.pl\/www\/wp-content\/uploads\/2023\/03\/rect92d53-1-300x177.png 300w, https:\/\/www.pkm.jaworzno.pl\/www\/wp-content\/uploads\/2023\/03\/rect92d53-1-768x453.png 768w, https:\/\/www.pkm.jaworzno.pl\/www\/wp-content\/uploads\/2023\/03\/rect92d53-1-600x354.png 600w, https:\/\/www.pkm.jaworzno.pl\/www\/wp-content\/uploads\/2023\/03\/rect92d53-1-1536x905.png 1536w, https:\/\/www.pkm.jaworzno.pl\/www\/wp-content\/uploads\/2023\/03\/rect92d53-1-2048x1207.png 2048w\" sizes=\"auto, (max-width: 917px) 100vw, 917px\" \/><\/div>\n<\/div>\n<hr \/>\n<p>Niepotrzebne jest ju\u017c posiadanie Jaworznickiej Karty Miejskiej. Zach\u0119camy do wybrania aplikacji mPKM Jaworzno, kt\u00f3ra umo\u017cliwia wygodny zakup ka\u017cdego biletu z naszej <a href=\"https:\/\/www.pkm.jaworzno.pl\/www\/bilety\/cennik-biletow\/\">oferty<\/a><\/p>\n<p>Aplikacja dzia\u0142a w spos\u00f3b intuicyjny. Zakup bilet mo\u017cliwy jest po wcze\u015bniejszej rejestracji konta.<\/p>\n<p>Podczas kontroli biletowej wystarczy wy\u015bwietli\u0107 wa\u017cny bilet w aplikacji i okaza\u0107 ekran swojego urz\u0105dzenia mobilnego kontrolerowi.<\/p>\n<p>Pami\u0119ta\u0107 nale\u017cy, \u017ce przejazd z imiennym biletem okresowym wymaga posiadania dokumentu to\u017csamo\u015bci.<\/p>\n<p>W przypadku jakichkolwiek uwag lub w celu z\u0142o\u017cenia reklamacji prosimy o kontakt poprzez dedykowany adres e-mail: <strong>reklamacje@pkm.jaworzno.pl<\/strong> lub telefonicznie: <strong>32-753-55-00<\/strong>.<strong>\u00a0<\/strong><\/p>\n<p style=\"text-align: center;\"><a href=\"https:\/\/play.google.com\/store\/apps\/details?id=pl.gopay24.mkm.jaworzno&amp;gl=PL\"><img loading=\"lazy\" decoding=\"async\" class=\"alignnone\" style=\"display: inline-block; width: 313px; max-width: 100%; margin: 15px;\" src=\"http:\/\/www.pkm.jaworzno.pl\/www\/wp-content\/uploads\/2018\/03\/kiedyprzyjedzie_grafika5.png\" alt=\"kiedyprzyjedzie.pl\" width=\"697\" height=\"129\" \/><\/a><a href=\"https:\/\/apps.apple.com\/gb\/app\/mpkm-jaworzno\/id6445813764\" target=\"_blank\" rel=\"noopener\"><img decoding=\"async\" class=\"\" style=\"display: inline-block; width: 313px; max-width: 100%; margin: 15px;\" src=\"http:\/\/www.pkm.jaworzno.pl\/www\/wp-content\/uploads\/2018\/09\/appstrore.png\" alt=\"kiedyprzyjedzie.pl\" height=\"129\" \/><\/a><\/p>\n<h3>Dla pasa\u017cer\u00f3w, kt\u00f3rzy nadal preferuj\u0105 u\u017cytkowanie plastikowej Jaworznickiej Karty Miejskiej funkcjonuje <a href=\"https:\/\/bilety.pkmjaworzno.pl\">Sklep Internetowy<\/a> umo\u017cliwiaj\u0105cy zakup imiennych bilet\u00f3w okresowych.<\/h3>\n","protected":false},"excerpt":{"rendered":"<p>Niepotrzebne jest ju\u017c posiadanie Jaworznickiej Karty Miejskiej. Zach\u0119camy do wybrania aplikacji mPKM Jaworzno, kt\u00f3ra umo\u017cliwia wygodny zakup ka\u017cdego biletu z naszej oferty Aplikacja dzia\u0142a w spos\u00f3b intuicyjny. Zakup bilet mo\u017cliwy jest po wcze\u015bniejszej rejestracji konta. Podczas kontroli biletowej wystarczy wy\u015bwietli\u0107 wa\u017cny bilet w aplikacji i okaza\u0107 ekran swojego urz\u0105dzenia mobilnego kontrolerowi. Pami\u0119ta\u0107 nale\u017cy, \u017ce przejazd [&hellip;]<\/p>\n","protected":false},"author":6,"featured_media":0,"parent":6583,"menu_order":11,"comment_status":"closed","ping_status":"closed","template":"","meta":{"_acf_changed":false,"footnotes":""},"class_list":["post-8165","page","type-page","status-publish","hentry"],"acf":[],"publishpress_future_action":{"enabled":false,"date":"2026-05-07 23:27:23","action":"change-status","newStatus":"draft","terms":[],"taxonomy":"","extraData":[]},"publishpress_future_workflow_manual_trigger":{"enabledWorkflows":[]},"_links":{"self":[{"href":"https:\/\/www.pkm.jaworzno.pl\/www\/wp-json\/wp\/v2\/pages\/8165","targetHints":{"allow":["GET"]}}],"collection":[{"href":"https:\/\/www.pkm.jaworzno.pl\/www\/wp-json\/wp\/v2\/pages"}],"about":[{"href":"https:\/\/www.pkm.jaworzno.pl\/www\/wp-json\/wp\/v2\/types\/page"}],"author":[{"embeddable":true,"href":"https:\/\/www.pkm.jaworzno.pl\/www\/wp-json\/wp\/v2\/users\/6"}],"replies":[{"embeddable":true,"href":"https:\/\/www.pkm.jaworzno.pl\/www\/wp-json\/wp\/v2\/comments?post=8165"}],"version-history":[{"count":46,"href":"https:\/\/www.pkm.jaworzno.pl\/www\/wp-json\/wp\/v2\/pages\/8165\/revisions"}],"predecessor-version":[{"id":17422,"href":"https:\/\/www.pkm.jaworzno.pl\/www\/wp-json\/wp\/v2\/pages\/8165\/revisions\/17422"}],"up":[{"embeddable":true,"href":"https:\/\/www.pkm.jaworzno.pl\/www\/wp-json\/wp\/v2\/pages\/6583"}],"wp:attachment":[{"href":"https:\/\/www.pkm.jaworzno.pl\/www\/wp-json\/wp\/v2\/media?parent=8165"}],"curies":[{"name":"wp","href":"https:\/\/api.w.org\/{rel}","templated":true}]}}